**2 - 7*u - 5. Calculate the remainder when l(11) is divided by 14.
11
Let h(q) = q**3 + 4*q**2 - 4*q - 9. Let p = -4 - -16. Calculate the remainder when p is divided by h(-4).
5
Calculate the remainder when (-158)/(-6) - (-10)/15 is divided by 10.
7
Let c(d) = 6*d - 3. Let b = -32 + 92. Suppose 5*o - 2*a - 132 = -a, 2*o - 4*a = b. Calculate the remainder when o is divided by c(2).
8
Suppose g + 19 = 2*g. Calculate the remainder when g is divided by 10.
9
Let w(h) = -3*h**3 - h**2 + 3*h + 2. What is the remainder when w(-2) is divided by (-4)/(-2)*18/4?
7
Suppose 47 = 3*p + 8. Calculate the remainder when 62 is divided by p.
10
Let l(h) = -h + 9. Let t be l(4). Suppose 0 = t*w - 15, -4*w - 41 - 2 = -5*z. Calculate the remainder when (0 - 0 - (-9 + -23))/1 is divided by z.
10
Suppose q = -0*q + 55. Suppose -15*y + 23*y = 112. Calculate the remainder when q is divided by y.
13
Suppose -56 = -4*w + 252. Let n = w + -39. Calculate the remainder when n is divided by 10.
8
Suppose -d + 4 = 0, -5*x - 3*d + 15 + 7 = 0. Let s(b) = -17*b - 3. Let v be s(-3). Suppose x*o = 6*o - v. Calculate the remainder when 22 is divided by o.
10
Let d be 78/21 + (-2)/(-7). Let l be d/2 + -5 + -1. What is the remainder when 1/4 + (-71)/l is divided by 10?
8
Let j(t) = -6*t + 5. What is the remainder when j(-8) is divided by 14?
11
Let t(i) = -26*i + 7. Let w be t(-4). Suppose 0 = -5*m + w - 26. Suppose 0 = -4*z + 124 + 4. Calculate the remainder when z is divided by m.
15
Suppose 214 = -3*s + 5*s. Calculate the remainder when s is divided by 27.
26
Let h(m) = -m**3 - 3*m**2 + 2. What is the remainder when 4 is divided by h(-3)?
0
Let v = -148 - -67. Let x = v - -143. Calculate the remainder when x is divided by 21.
20
Let j = -39 - -61. Suppose 0 = 2*z - 2*h - 20, j = z + 3*h - 0*h. Calculate the remainder when 37 is divided by z.
11
Calculate the remainder when (-1420)/(-16) + (-4)/(-16) is divided by 23.
20
Let l be -1*3 - (-6 + 14). Let y = 43 + l. Calculate the remainder when (-6)/(-2) + 2 + y is divided by 13.
11
Suppose -5*v + 29 = -61. Let n = -79 - -43. Let u = -1 - n. What is the remainder when u is divided by v?
17
Let v(m) = 2*m + 2. Let q(p) = -p + 54. Calculate the remainder when q(0) is divided by v(6).
12
Let c(d) = d + 15. Suppose -2*g + 14 = -4*g. Calculate the remainder when 23 is divided by c(g).
7
Suppose 5*x = 30 - 20. Let n = 0 - -1. Calculate the remainder when x is divided by n.
0
Suppose 2*m - 65 = -3*m. Calculate the remainder when 51 is divided by m.
12
Suppose 6*o - o = -4*k + 38, -8 = -4*k. Suppose j - o*j + 25 = 0. Calculate the remainder when 3*-2*21/(-9) is divided by j.
4
Suppose -24 = -2*w - 2*w. Let i be 18/(-2)*7/(-21). Suppose -4*s = 5*l - 12, -i*s = 3*l + 2*l - 14. Calculate the remainder when w is divided by l.
2
What is the remainder when 4/(-18) + 236/9 is divided by 28/(-2)*(3 - (4 + 0))?
12
Let n = 284 - 154. Calculate the remainder when n is divided by 33.
31
Suppose 4*r = -5*p + 11, 5*p - r = 3*r + 19. Let y(u) = 2*u**2 - 5 + p + 4*u + u. What is the remainder when 19 is divided by y(-4)?
9
Suppose -k - 1 = o, -k + 2*o - o + 1 = 0. Suppose k = 2*j + 5*l - 14, -46 = -4*j + 2*j + 3*l. What is the remainder when 49 is divided by j?
15
Let y be (-3)/(-9) - 2/6. Suppose 2*z - 7*z + 15 = y. Suppose 2*k + 3 = 11. Calculate the remainder when k is divided by z.
1
Let l be ((-3)/(3/(-8)))/1. Suppose 4*b + 32 = 4*n - l, 16 = -2*b + n. Let m(p) = p**2 + 4*p + 4. What is the remainder when 31 is divided by m(b)?
15
Suppose h + 4*j - 1 = 0, -3*h - 58 = -6*h - j. What is the remainder when 81 is divided by h?
18
Suppose -4*b = -0*b. Suppose b = 2*h - 8, 5*h - 87 = -5*g + 93. What is the remainder when g is divided by 17?
15
Suppose -m + n = -43, 5*m = 3*n + 65 + 142. Calculate the remainder when m is divided by 20.
19
Let f = 81 + -38. Let g = f - 26. Calculate the remainder when g is divided by 6.
5
Let r = 25 + -8. Calculate the remainder when 31 is divided by r.
14
Let y(o) = -o**2 - 13*o - 5. Let i(j) = 2*j**3 + j**2 - j. Let d be i(-2). Calculate the remainder when 49 is divided by y(d).
24
Let h = -35 - -45. What is the remainder when 19 is divided by h?
9
Suppose -3*v + 4 = -2. Let r(g) = g**2 + 2 - g - 5 - g**3 + v. Calculate the remainder when r(-1) is divided by 1.
0
Let f(m) be the third derivative of -m**4/12 + 7*m**3/6 - 2*m**2. Let g be f(5). What is the remainder when 8 is divided by 5/(3 + g + 1)?
3
Suppose -r - 532 = 4*q + 2*r, 392 = -3*q - 4*r. Let p = 201 + q. Suppose -93*b + 153 = -84*b. What is the remainder when p is divided by b?
14
Let h(r) = r**2 - 19*r + 13. What is the remainder when 41 is divided by h(19)?
2
Suppose -q + 131 = -4*r, 0 = -5*r - q - q - 167. Let d = -18 - r. What is the remainder when 42 is divided by d?
12
Suppose 2*v - 13 - 5 = -4*f, 2*f = 6. Let t(c) = 3*c + 5. What is the remainder when 41 is divided by t(v)?
13
Suppose -12*h = -145 + 85. What is the remainder when h is divided by (-4)/(-1 + 1 - 1)?
1
Suppose 4*x = t - 1, -2*t - x - 16 = 3*t. Let k be 3/(-2*t/30). Suppose k = 5*f - 10. What is the remainder when 9 is divided by f?
4
Let a(h) = 3*h - 14 - 4*h + 0*h. What is the remainder when 10 is divided by a(-17)?
1
Let f be 648/(-40) + 1/5. What is the remainder when ((-19)/3)/(f/48) is divided by 5/(-4)*4*-2?
9
Let m = 22 - -15. What is the remainder when m is divided by -3 + (3 - (0 - (11 - 1)))?
7
Suppose 3*s - 56 = -s. Calculate the remainder when 53 is divided by s.
11
Let n(h) be the second derivative of -h**4/12 + 7*h**3/6 - 2*h**2 + h. What is the remainder when 3 is divided by n(6)?
1
Let i = -91 - -164. Let h(b) be the third derivative of -b**6/120 - b**5/30 + b**4/12 + b**3/6 + 5*b**2. Calculate the remainder when i is divided by h(-4).
23
What is the remainder when (5 - 2) + (-40)/(-2) is divided by 8?
7
Let m = -4 - -11. What is the remainder when 20 is divided by m?
6
Let v be -7*(-5 + 2 - -1). Suppose -l = -4*a + 44, -2*a - 2*l + 8 + v = 0. What is the remainder when 31 is divided by a?
9
Let p = -40 + 50. What is the remainder when 28 is divided by p?
8
Let t = -13 + -1. Let s = -8 - t. Let f(v) = -v**2 + 9*v - 8. What is the remainder when 29 is divided by f(s)?
9
What is the remainder when 25 is divided by (-78)/(-5) + (-6)/10?
10
Let t(w) = -w**3 + 7*w**2 - 2*w - 2. Let o be (-2)/(-2) - (-5 + 3). Suppose -2*a - o*a = -20. Calculate the remainder when t(a) is divided by 13.
12
Suppose -4*v + 510 = 2*v. Let u = -23 + v. What is the remainder when u is divided by 16?
14
Let y = 39 + -36. Calculate the remainder when 13 is divided by y.
1
Suppose 0 = -8*p + 3*p + 535. Calculate the remainder when p is divided by 28.
23
Suppose 0 = 3*f, -3*f = 4*l - 35 - 53. What is the remainder when 42 is divided by l?
20
Let l(p) = -2*p**2 - p + 11. Calculate the remainder when l(0) is divided by 7.
4
Suppose -4*s + 544 = 2*c, 2*s = c - 57 + 325. What is the remainder when s is divided by 23?
20
Let r = 5 + -2. Suppose -r = k - 2*k. Suppose -z + o + 5 = -2, -4*z + 3*o + 25 = 0. Calculate the remainder when z is divided by k.
1
Let j = -6 - -10. Calculate the remainder when 34 - 20 - (-3)/(-1) is divided by j.
3
Let l be (-2)/(-2)*43*1. Let w(v) = 23*v - 2. Let q be w(4). Let z = q - l. What is the remainder when z is divided by 12?
11
Suppose -2*k + 18 = k. Let s = 16 - k. Calculate the remainder when 17 is divided by s.
7
Suppose -3 - 22 = -i + 5*f, -3*i = 5*f - 75. Suppose 3*k - 85 = -2*p, 6*k + i = k. Calculate the remainder when p is divided by 26.
24
Suppose p + 4*p - 145 = 0. Calculate the remainder when p is divided by ((-18)/30)/(2/(-50)).
14
What is the remainder when 72/27*75/4 is divided by 13?
11
Let j(g) = -g**3 - 2*g**2 + 3*g + 2. Let b be j(-2). Let q be (56/(-12))/(b/42). Let n = q + -34. What is the remainder when 29 is divided by n?
14
Suppose -2*y + 19 + 5 = 0. Suppose -4*x + 7*t - 3*t + y = 0, 5*t + 12 = 4*x. Calculate the remainder when 7 is divided by x.
1
Let x = 65 + -109. Let i = 94 + x. What is the remainder when i is divided by 17?
16
Let a = -49 + 72. Suppose -5*c + 7 = -a. What is the remainder when 11 is divided by c?
5
What is the remainder when 59 is divided by (3*(-6)/1)/(6/(-4))?
11
Let h = 14 + -5. Calculate the remainder when 42 is divided by h.
6
